 + 8. Let b(k) = -2*k**2 - k. Let t(s) = -2*b(s) - q(s). Let v(n) = 6*n**3 - 2*n**2 - n. Let g be v(-1). Determine t(g).
-1
Let l(s) = -4*s + 27. Let f be l(9). Let k(d) = d**3 + 9*d**2 + d + 7. What is k(f)?
-2
Suppose 4*p + 4 = -2*w - 16, 0 = -3*w - 5*p - 33. Let a(v) = -v - 15. Let o be a(w). Let b(r) = -4*r**3 + r**2 - r + 1. Give b(o).
-3
Let l(b) be the first derivative of b**2 - 1/3*b**3 + 5/4*b**4 - 27 - b. Let m = 2 - 1. Give l(m).
5
Let y(r) = r - 4*r**3 - r + 10*r**2 - 3*r + 6 - 4*r. Let m(a) = 5*a**3 - 10*a**2 + 6*a - 7. Let s(q) = 3*m(q) + 4*y(q). Determine s(9).
-6
Let v(f) = -15*f**2 - 1. Let y = 172 + -171. Determine v(y).
-16
Let m = 1 - -2. Let d be m*(1 - (-4)/(-2)). Let k(v) = -4*v**2 + v + 4*v + v - 8*v - 2 - v**3. Give k(d).
-5
Let a = 22 - 14. Let p(k) = -5*k**2 - 46*k - 55. Let j(n) = -n**2 - 11*n - 13. Let f(t) = 9*j(t) - 2*p(t). What is f(a)?
1
Let k(z) = -5*z**2 - 8*z + 16. Let w(v) = 9*v**2 + 16*v - 32. Let j(p) = -7*k(p) - 4*w(p). Let m be j(-10). Let b(n) = n**3 + 4*n**2 + n + 1. What is b(m)?
-3
Suppose 122*d - 121*d - 5*t + 4 = 0, 5*d - 2*t - 26 = 0. Let g(z) = 4*z - 20. Give g(d).
4
Let l = -6 - -10. Suppose -4*x + 6 = -r, -l*r + 9*r - 5*x = -15. Let n(k) = -k. Let o(v) = 2. Let b(m) = -3*n(m) - o(m). Determine b(r).
-8
Suppose 0 = -0*u - 2*u + 5*y + 37, -4*y - 4 = 0. Suppose 0 = 4*n + 5*o + u + 3, 5*o - 5 = 0. Let w(a) = -2*a - 8. Give w(n).
4
Let d(m) be the first derivative of -3*m**4 - 2*m**3/3 - 3*m**2/2 - 2*m - 270. Determine d(-1).
11
Suppose -2*w + 66 = 6. Suppose -3*q + 18 = -w. Let k(p) = -16*p + p**2 - 1 + q*p - 1. Determine k(-3).
7
Let u(z) = -z + 1. Let k be u(-2). Let p(j) = 11*j - 1 + 3*j + 9*j - 26*j + j**2. Give p(k).
-1
Let x(u) be the second derivative of -u**4/6 + 4*u**3/3 - 3*u**2 - 186*u. Determine x(3).
0
Let b = -5 - -2. Let s = -5 - b. Let l be s/5 + (-56)/10. Let r(z) = -z**3 - 7*z**2 - 6*z - 4. Give r(l).
-4
Let w(z) be the first derivative of z**2 - 12*z - 57. Calculate w(9).
6
Let b(x) = 10*x**2 + 46*x - 10. Let m be b(-5). Let k(j) be the second derivative of 0 + m*j - 1/2*j**2 + 1/12*j**4 + 1/3*j**3. Determine k(-4).
7
Let g(x) = 3*x**2 - x - 7. Let y(a) = 2*a**2 - a - 7. Let k(b) = 4*b**2 - 2*b - 13. Let l(s) = -3*k(s) + 5*y(s). Let w(d) = -3*g(d) - 5*l(d). What is w(2)?
1
Let c be -3 - (-2 + 11 + -5 + -6). Let o(z) = 21*z**3 - 1. Determine o(c).
-22
Let i(q) = q**3 - q + 5. Suppose -28 = 2*h - 5*h + 2*d, h - 3*d = 21. Suppose -h*k + 4 = -4*k. Suppose -u = -k*u. What is i(u)?
5
Let k(c) = 5*c**2 + 9*c - 7. Let o = 9 - 7. Let a(h) = -5*h**2 - 3*h**2 - 8*h + h**o + 6 + 3*h**2. Let i(x) = -6*a(x) - 5*k(x). Give i(4).
-5
Let s(l) be the third derivative of -l**4/24 + l**3/6 - 11*l**2. Suppose y + 1 = 3*c, -23 = -4*c - 2*y - 5. Determine s(c).
-1
Let t(x) = -5*x + x + 2 + x**3 + 4*x**2 - 4 + 3. Let l be t(-5). Let z(h) = h**2 - h + 3*h - 3 + 0*h. Determine z(l).
5
Let y(u) = 7*u**2 - 8*u - 2. Let b(i) = 6*i**2 - 6*i - 1. Let s = 13 + -7. Let o(z) = s*b(z) - 5*y(z). Give o(-4).
4
Let i(p) = 485 + 0*p - 3*p - 493. Determine i(-5).
7
Let h(w) = 5*w + 14. Let l(m) = m + 1. Let z be 2*(4/6 + (-3)/18). Let o(x) = z*h(x) - 6*l(x). Determine o(7).
1
Let x = 12 + -12. Suppose x = 2*b - 31 + 7. Let z be b/(-9)*(-9)/6. Let p(y) = -y**3 + 2*y**2 - y + 1. What is p(z)?
-1
Let l(a) = 7*a**3 + 12*a**2 + 6*a + 2. Let y(i) = -4*i**3 - 6*i**2 - 5*i - 2. Let s(v) = 3*l(v) + 5*y(v). Suppose 6 = -3*d - 15. What is s(d)?
-4
Let d(b) = -7*b - 4. Let g(k) = 13*k + 7. Let n(r) = -5*d(r) - 3*g(r). Let i be 3*(85 + -83)*(-10)/12. What is n(i)?
19
Let v(u) = u**2 + u + 1. Suppose -27 = -2*g + 3*g + 3*k, -3 = g - 3*k. Let j be 5/g*-3*3. What is v(j)?
13
Let g(d) = 2*d + 9. Let h(x) = -2*x - 9. Let v(w) = -5*g(w) - 4*h(w). Suppose -3*r + 47 = -5*f, -5*f + 8*r - 3*r - 55 = 0. Determine v(f).
5
Let l(w) = 7*w**3 + 7*w**2 - 10*w - 7. Let x(n) = -5*n**3 - 7*n**2 + 9*n + 7. Let r(d) = -3*l(d) - 4*x(d). Determine r(6).
-7
Let j(s) = -9*s + 3. Let q(f) = 21*f - 5. Let l(d) = 9*j(d) + 4*q(d). What is l(-3)?
-2
Let m = -271 + 266. Let a(t) = -t**3 - 5*t**2 + 2*t + 5. Calculate a(m).
-5
Suppose -5*v + 184 = -0*a + a, 0 = 3*v + 2*a - 116. Let z = -32 + v. Let b(h) = -h**2 + 2*h - 3. Determine b(z).
-11
Let h(m) be the third derivative of -m**4/12 - 5*m**3/3 + 6*m**2. Let s be h(-7). Let a(x) = 3*x - 5. What is a(s)?
7
Let m(g) = -2*g**2 - 7*g + 6. Let q(z) = -z**2 - 3*z + 3. Let c(j) = -6*m(j) + 13*q(j). What is c(-5)?
-37
Let z = 27 + -22. Let x(v) = -6*v**3 + 4*v**2 - 2*v + 3. Let g(p) = 5*p**3 - 4*p**2 + p - 3. Let q(c) = -5*g(c) - 4*x(c). Calculate q(z).
-7
Suppose 3*q = 2*j - 2, -9 = 5*q + j + 3. Let g(l) = 9*l - 1. What is g(q)?
-19
Let t(d) be the first derivative of -d**3/3 + 9*d**2/2 + 9*d - 550. Give t(12).
-27
Let j(v) = -v**3 + 3*v + 4. Let a(x) = -x**2 - 27*x + 94. Let w be a(-30). Calculate j(w).
-48
Let g(s) = 3*s. Let k(p) = -3*p - 1. Let a(b) = 3*g(b) + k(b). Let t(l) = l**2 + 3*l + 1. Let x be t(-2). Determine a(x).
-7
Let y(r) = 32*r**3 + 6 + 5*r**2 - 3*r + 22*r**3 + r**2 - 55*r**3. Give y(6).
-12
Let d(c) = c**2 + 3*c + 1. Suppose -2*a = -5*j - 5, -5*a + 27 = -j + 3*j. Let l(h) = h**2 - 8*h + 12. Let p be l(a). Calculate d(p).
1
Let u be (-1 - -2)/((-9)/(-189)). Let z(k) = -k + 19. Give z(u).
-2
Let z(n) be the first derivative of n**2/2 + 2*n + 4. Suppose 4*t + 9 = -15. What is z(t)?
-4
Let z(a) = -a + 2. Suppose -81*t + 78*t - 3 = 0. What is z(t)?
3
Let x = 428 - 427. Let j(v) = -10*v + 3. Calculate j(x).
-7
Let x(b) be the third derivative of -b**5/60 - 13*b**4/24 - 3*b**3/2 - b**2 + 232. Give x(-5).
31
Let d be ((-1476)/861)/(2/21*3). Let p(b) = b**3 + 4*b**2 - 13*b. Give p(d).
6
Let f(g) = g - 1. Let v = -314 - -314. What is f(v)?
-1
Let y(g) = g**3 + 9*g**2 + 9*g + 8. Suppose 0 = 4*c - 3*r - 35, -r + 0 = -c + 8. Suppose 0 = -2*m + 4*d + c - 39, -4*m + 4*d = 44. What is y(m)?
0
Let v(m) = -2*m + 18. Let a(l) = -9*l + 62. Let z be a(6). Calculate v(z).
2
Let d(t) = 2*t. Suppose -7*u - 37 = 30*u. What is d(u)?
-2
Let s(y) = -y**3 - 6*y**2 - 6*y + 1. Let o = 1353 + -1358. What is s(o)?
6
Let w(m) be the first derivative of -3*m - 5/2*m**2 + 27. Determine w(-4).
17
Suppose -z + 3*b - 1 = 0, 5*z - 17*b + 13*b = -16. Let x(y) = -y**3 - 4*y**2 - 5*y - 6. What is x(z)?
14
Let w(o) = -o. Suppose -2*h = -4*a - h + 21, 5*a = -2*h + 23. What is w(a)?
-5
Suppose 0*s = -4*i + 3*s + 39, 2*i - 5*s - 37 = 0. Suppose -i = -4*v - 3*l + 1, v + 4*l = 5. Let k(x) = 4*x**2 - 7*x**2 - v + x**2 + 3*x**2. Determine k(-1).
0
Let p(l) = -2*l - 29. Suppose -6*a + 4*a - 12 = 0. Let i(c) = -c - 14. Let m(o) = a*p(o) + 13*i(o). Let j = 11 + -17. Calculate m(j).
-2
Let z(d) = -4 - 4*d**3 - 3*d - 4*d**3 + 17*d**3 - 9 - 12*d**2 - 10*d**3. Calculate z(-12).
23
Let z(c) = -11*c**2 - 8*c - 54. Let x(h) = 4*h**2 + 2*h + 19. Let f(l) = -8*x(l) - 3*z(l). What is f(-7)?
3
Suppose 7*u + 8*u = 30. Let c(s) = 8 - 12 + s**2 + 10*s - u*s. Determine c(-5).
-19
Let w be (-6)/18 - (-2)/(-3). Let p(u) = 0 - 4 + 4 + 371*u**3 - 363*u**3. What is p(w)?
-8
Let b(p) = 6 + 29*p - 6*p - 15*p - 37 - 6*p + p**2. Determine b(-6).
-7
Let g(u) = 14*u**2 - 22*u**2 - 5 - 8*u - 2*u - u**3 + 2*u. Let s = -193 + 186. Determine g(s).
2
Suppose 2*m - 4*w = 16, 4*m - 10 - 19 = 5*w. Suppose g + 2*f - 3*f - m = 0, -4*f - 26 = -5*g. Let r(u) = -2*u + 2*u - 4*u - g + 2*u. Give r(-2).
2
Suppose 2*r + 0 = 4. Let v = r - 4. Let p(y) = -7*y**2 + 9 + y + 6*y**2 - 8. What is p(v)?
-5
Let j(a) = 2*a - 7. Let z be (-1 - (-32)/24)*6. Calculate j(z).
-3
Let u(s) = -s**3 + 8*s**2 + 12*s - 10. Let g be u(9). Let o = 15 - g. Let d(t) = t**3 + 2*t**2 - 2*t - 2. Give d(o).
2
Let p(w) = -3*w + 2. Suppose 0 = 3*z - k - 10, 0*z = -4*z - 4*k - 8. Calculate p(z).
-4
Let g(v) = v**3 - 9*v**2 + 4*v + 9. Let x = 104 + -4. Let n = -92 + x. Determine g(n).
-23
Let i(d) = d**2 + 5 + 21*d - 3 - 14*d. Calculate i(-6).
-4
Let f(r) be the third derivative of -r**5/60 - 7*r**4/12 + 5*r**3/3 + 13*r**2. What is f(-8)?
58
Let i(x) = 14*x + 35. Let c be i(-5). Let a be -2*(-1 - c/10). Let q(r) = r**2 + 6*r. Give q(a).
-5
Let u = -833 + 835. Let k(r) = -18*r + 1. Calculate k(u).
-35
Let j(l) = -7*l - 24. Let a(y) = -3. Let z(t) = -18*a(t) + 2*j(t). Determine z(4).
-50
Suppose 0 = -113*c + 97*c + 96. Let